e hundreds digit of 2948?
9
What is the units digit of 1369?
9
What is the hundreds digit of 9391?
3
What is the hundreds digit of 38991?
9
What is the hundreds digit of 401?
4
What is the hundreds digit of 866?
8
What is the hundreds digit of 24379?
3
What is the hundreds digit of 1078?
0
What is the hundreds digit of 256?
2
What is the thousands digit of 2607?
2
What is the hundreds digit of 1472?
4
What is the hundreds digit of 12871?
8
What is the hundreds digit of 392?
3
What is the units digit of 472?
2
What is the tens digit of 11176?
7
What is the tens digit of 1341?
4
What is the units digit of 52261?
1
What is the hundreds digit of 39991?
9
What is the tens digit of 4731?
3
What is the tens digit of 26551?
5
What is the tens digit of 1981?
8
What is the units digit of 25332?
2
What is the units digit of 3528?
8
What is the hundreds digit of 1957?
9
What is the tens digit of 580?
8
What is the units digit of 1175?
5
What is the hundreds digit of 21485?
4
What is the units digit of 19?
9
What is the thousands digit of 83161?
3
What is the hundreds digit of 561?
5
What is the hundreds digit of 3383?
3
What is the tens digit of 12331?
3
What is the units digit of 8?
8
What is the thousands digit of 3327?
3
What is the hundreds digit of 8560?
5
What is the tens digit of 71?
7
What is the units digit of 10674?
4
What is the thousands digit of 7609?
7
What is the hundreds digit of 27501?
5
What is the thousands digit of 1664?
1
What is the tens digit of 15437?
3
What is the thousands digit of 20496?
0
What is the units digit of 68568?
8
What is the ten thousands digit of 71745?
7
What is the units digit of 11340?
0
What is the hundreds digit of 244?
2
What is the units digit of 1798?
8
What is the hundreds digit of 1758?
7
What is the tens digit of 1634?
3
What is the units digit of 1960?
0
What is the hundreds digit of 7618?
6
What is the tens digit of 1180?
8
What is the thousands digit of 9695?
9
What is the hundreds digit of 3135?
1
What is the thousands digit of 3712?
3
What is the units digit of 4780?
0
What is the thousands digit of 6858?
6
What is the units digit of 27546?
6
What is the tens digit of 408?
0
What is the ten thousands digit of 19693?
1
What is the tens digit of 60073?
7
What is the hundreds digit of 978?
9
What is the units digit of 7206?
6
What is the thousands digit of 56870?
6
What is the thousands digit of 9774?
9
What is the hundreds digit of 5299?
2
What is the hundreds digit of 1432?
4
What is the hundreds digit of 1148?
1
What is the hundreds digit of 776?
7
What is the hundreds digit of 1465?
4
What is the hundreds digit of 14870?
8
What is the hundreds digit of 885?
8
What is the units digit of 38705?
5
What is the tens digit of 1458?
5
What is the ten thousands digit of 100183?
0
What is the thousands digit of 3064?
3
What is the hundreds digit of 2791?
7
What is the thousands digit of 7673?
7
What is the hundreds digit of 16992?
9
What is the tens digit of 685?
8
What is the units digit of 2578?
8
What is the tens digit of 2839?
3
What is the thousands digit of 9169?
9
What is the hundreds digit of 203?
2
What is the hundreds digit of 12747?
7
What is the hundreds digit of 1991?
9
What is the tens digit of 3434?
3
What is the tens digit of 67534?
3
What is the hundreds digit of 724?
7
What is the tens digit of 18025?
2
What is the hundreds digit of 348?
3
What is the hundreds digit of 682?
6
What is the tens digit of 35947?
4
What is the hundreds digit of 165?
1
What is the thousands digit of 5996?
5
What is the units digit of 357?
7
What is the units digit of 928?
8
What is the units digit of 450?
0
What is the hundreds digit of 18387?
3
What is the hundreds digit of 4872?
8
What is the tens digit of 13143?
4
What is the thousands digit of 24095?
4
What is the units digit of 10692?
2
What is the thousands digit of 1374?
1
What is the thousands digit of 59715?
9
What is the units digit of 3299?
9
What is the thousands digit of 12558?
2
What is the hundreds digit of 5684?
6
What is the units digit of 695?
5
What is the units digit of 332?
2
What is the tens digit of 300?
0
What is the hundreds digit of 1535?
5
What is the thousands digit of 10888?
0
What is the thousands digit of 112371?
2
What is the units digit of 2589?
9
What is the thousands digit of 10402?
0
What is the thousands digit of 9717?
9
What is the units digit of 435?
5
What is the tens digit of 66104?
0
What is the thousands digit of 62479?
2
What is the tens digit of 49178?
7
What is the hundreds digit of 3587?
5
What is the tens digit of 782?
8
What is the units digit of 1414?
4
What is the units digit of 2050?
0
What is the units digit of 122204?
4
What is the tens digit of 3090?
9
What is the hundreds digit of 898?
8
What is the units digit of 72508?
8
What is the hundreds digit of 570?
5
What is the ten thousands digit of 96980?
9
What is the units digit of 476?
6
What is the thousands digit of 9069?
9
What is the units digit of 1506?
6
What is the units digit of 69597?
7
What is the units digit of 5535?
5
What is the units digit of 425?
5
What is the units digit of 8517?
7
What is the hundreds digit of 102?
1
What is the hundreds digit of 1004?
0
What is the tens digit of 712?
1
What is the hundreds digit of 14856?
8
What is the thousands digit of 4551?
4
What is the units digit of 4?
4
What is the ten thousands digit of 94016?
9
What is the tens digit of 33?
3
What is the thousands digit of 5056?
5
What is the ten thousands digit of 29557?
2
What is the units digit of 6454?
4
What is the tens digit of 670?
7
What is the hundreds digit of 1964?
9
What is the tens digit of 3032?
3
What is the ten thousands digit of 52505?
5
What is the hundreds digit of 3090?
0
What is the hundreds digit of 1368?
3
What is the units digit of 143034?
4
What is the thousands digit of 9078?
9
What is the thousands digit of 9602?
9
What is the thousands digit of 24668?
4
What is the units digit of 5040?
0
What is the tens digit of 2867?
6
What is the units digit of 5964?
4
What is the thousands digit of 71412?
1
What is the units digit of 19?
9
What is the tens digit of 221?
2
What is the units digit of 658?
8
What is the thousands digit of 4654?
4
What is the thousands digit of 4735?
4
What is the units digit of 378?
8
What is the hundreds digit of 122?
1
What is the tens digit of 1200?
0
What is the units digit of 10297?
7
What is the thousands digit of 1444?
1
What is the hundreds digit of 297?
2
What is the hundreds digit of 856?
8
What is the hundreds digit of 91913?
9
What is the ten thousands digit of 10481?
1
What is the hundreds digit of 11559?
5
What is the hundreds digit of 721?
7
What is the thousands digit of 10073?
0
What is the units digit of 14557?
7
What is the thousands digit of 28780?
8
What is the thousands digit of 122593?
2
What is the tens digit of 28797?
9
What is the tens digit of 437?
3
What is the hundreds digit of 827?
8
What is the ten thousands digit of 10213?
1
What is the thousands digit of 35131?
5
What is the tens digit of 46100?
0
What is the thousands digit of 34169?
4
What is the thousands digit of 5953?
5
What is the tens digit of 39873?
7
What is the hundreds digit of 5482?
4
What is the thousands digit of 4697?
4
What is the thousands digit of 1067?
1
What is the units digit of 141?
1
What is the ten thousands digit of 41662?
4
What is the hundreds digit of 680?
6
What is the hundreds digit of 842?
8
What is the units digit of 392?
2
What is the hundreds digit of 604?
6
What is the thousands digit of 21360?
1
What is the ten thousands digit of 76331?
7
What is the units digit of 2913?
3
What is the ten thousands digit of 27590?
2
What is the tens digit of 3264?
6
What is the hundreds digit of 630?
6
What is the tens digit of 1169?
6
What is the hundreds digit of 71653?
6
What is the units digit of 746?
6
What is the hundreds digit of 58137?
1
What is the units digit of 88?
8
What is the tens digit of 24447?
4
What is the hundreds digit of 11268?
2
What is the tens digit of 2695?
9
What is the thousands digit of 15211?
5
What is the tens digit of 1433?
3
What is the ten thousands digit of 23789?
2
What is the units digit of 3918?
8
What is the tens digit of 8059?
5
What is the units digit of 704?
4
What is the tho